{"id":18021,"date":"2025-10-07T13:12:11","date_gmt":"2025-10-07T13:12:11","guid":{"rendered":"https:\/\/progression-dole.ch\/hiver\/tierwelt-des-jura-im-winter\/"},"modified":"2026-02-12T16:50:32","modified_gmt":"2026-02-12T16:50:32","slug":"tierwelt-des-jura-im-winter","status":"publish","type":"hiver_","link":"https:\/\/progression-dole.ch\/de\/hiver\/tierwelt-des-jura-im-winter\/","title":{"rendered":"Tierwelt des Jura im Winter"},"content":{"rendered":"<p>Beobachte im Jura Rehe, G\u00e4msen, Hirsche, Luchse, W\u00f6lfe, Auerh\u00fchner, Hermeline, Wiesel, Hasen, F\u00fcchse &#8230;<\/p>\n<p>Der Parc Jura Vaudois erstreckt sich vom Gipfel der D\u00f4le, La Givrine, bis zum Col du Molendruz. Dieser weltweit einzigartige regionale Naturpark beherbergt abgelegene W\u00e4lder, geheimnisvolle Moore, Karstgebiete und bewaldete Weiden, die von Trockenmauern umgeben sind. All dies bildet eine subarktisch anmutende Kulisse, die besonders attraktiv f\u00fcr Wanderer und Schneeschuhwanderer ist.<\/p>\n","protected":false},"featured_media":18023,"template":"","filter_hiver":[122,120,123],"class_list":["post-18021","hiver_","type-hiver_","status-publish","has-post-thumbnail","hentry","filter_hiver-erwachsene","filter_hiver-familien","filter_hiver-schulen"],"acf":[],"yoast_head":"<!-- This site is optimized with the Yoast SEO plugin v27.3 - https:\/\/yoast.com\/product\/yoast-seo-wordpress\/ -->\n<title>Tierwelt des Jura im Winter | Progression Dole<\/title>\n<meta name=\"robots\" content=\"index, follow, max-snippet:-1, max-image-preview:large, max-video-preview:-1\" \/>\n<link rel=\"canonical\" href=\"https:\/\/progression-dole.ch\/de\/hiver\/tierwelt-des-jura-im-winter\/\" \/>\n<meta property=\"og:locale\" content=\"de_DE\" \/>\n<meta property=\"og:type\" content=\"article\" \/>\n<meta property=\"og:title\" content=\"Tierwelt des Jura im Winter | Progression Dole\" \/>\n<meta property=\"og:description\" content=\"Beobachte im Jura Rehe, G\u00e4msen, Hirsche, Luchse, W\u00f6lfe, Auerh\u00fchner, Hermeline, Wiesel, Hasen, F\u00fcchse &#8230; Der Parc Jura Vaudois erstreckt sich vom Gipfel der D\u00f4le, La Givrine, bis zum Col du Molendruz. Dieser weltweit einzigartige regionale Naturpark beherbergt abgelegene W\u00e4lder, geheimnisvolle Moore, Karstgebiete und bewaldete Weiden, die von Trockenmauern umgeben sind. All dies bildet eine subarktisch [&hellip;]\" \/>\n<meta property=\"og:url\" content=\"https:\/\/progression-dole.ch\/de\/hiver\/tierwelt-des-jura-im-winter\/\" \/>\n<meta property=\"og:site_name\" content=\"Progression Dole\" \/>\n<meta property=\"article:publisher\" content=\"https:\/\/www.facebook.com\/guideslacote\" \/>\n<meta property=\"article:modified_time\" content=\"2026-02-12T16:50:32+00:00\" \/>\n<meta property=\"og:image\" content=\"https:\/\/progression-dole.ch\/wp-content\/uploads\/2025\/10\/20.-Faune-du-Jura-en-hiver.webp\" \/>\n\t<meta property=\"og:image:width\" content=\"500\" \/>\n\t<meta property=\"og:image:height\" content=\"333\" \/>\n\t<meta property=\"og:image:type\" content=\"image\/webp\" \/>\n<meta name=\"twitter:card\" content=\"summary_large_image\" \/>\n<meta name=\"twitter:label1\" content=\"Gesch\u00e4tzte Lesezeit\" \/>\n\t<meta name=\"twitter:data1\" content=\"1\u00a0Minute\" \/>\n<script type=\"application\/ld+json\" class=\"yoast-schema-graph\">{\"@context\":\"https:\\\/\\\/schema.org\",\"@graph\":[{\"@type\":\"WebPage\",\"@id\":\"https:\\\/\\\/progression-dole.ch\\\/de\\\/hiver\\\/tierwelt-des-jura-im-winter\\\/\",\"url\":\"https:\\\/\\\/progression-dole.ch\\\/de\\\/hiver\\\/tierwelt-des-jura-im-winter\\\/\",\"name\":\"Tierwelt des Jura im Winter | Progression Dole\",\"isPartOf\":{\"@id\":\"https:\\\/\\\/progression-dole.ch\\\/de\\\/#website\"},\"primaryImageOfPage\":{\"@id\":\"https:\\\/\\\/progression-dole.ch\\\/de\\\/hiver\\\/tierwelt-des-jura-im-winter\\\/#primaryimage\"},\"image\":{\"@id\":\"https:\\\/\\\/progression-dole.ch\\\/de\\\/hiver\\\/tierwelt-des-jura-im-winter\\\/#primaryimage\"},\"thumbnailUrl\":\"https:\\\/\\\/progression-dole.ch\\\/wp-content\\\/uploads\\\/2025\\\/10\\\/20.-Faune-du-Jura-en-hiver.webp\",\"datePublished\":\"2025-10-07T13:12:11+00:00\",\"dateModified\":\"2026-02-12T16:50:32+00:00\",\"breadcrumb\":{\"@id\":\"https:\\\/\\\/progression-dole.ch\\\/de\\\/hiver\\\/tierwelt-des-jura-im-winter\\\/#breadcrumb\"},\"inLanguage\":\"de\",\"potentialAction\":[{\"@type\":\"ReadAction\",\"target\":[\"https:\\\/\\\/progression-dole.ch\\\/de\\\/hiver\\\/tierwelt-des-jura-im-winter\\\/\"]}]},{\"@type\":\"ImageObject\",\"inLanguage\":\"de\",\"@id\":\"https:\\\/\\\/progression-dole.ch\\\/de\\\/hiver\\\/tierwelt-des-jura-im-winter\\\/#primaryimage\",\"url\":\"https:\\\/\\\/progression-dole.ch\\\/wp-content\\\/uploads\\\/2025\\\/10\\\/20.-Faune-du-Jura-en-hiver.webp\",\"contentUrl\":\"https:\\\/\\\/progression-dole.ch\\\/wp-content\\\/uploads\\\/2025\\\/10\\\/20.-Faune-du-Jura-en-hiver.webp\",\"width\":500,\"height\":333},{\"@type\":\"BreadcrumbList\",\"@id\":\"https:\\\/\\\/progression-dole.ch\\\/de\\\/hiver\\\/tierwelt-des-jura-im-winter\\\/#breadcrumb\",\"itemListElement\":[{\"@type\":\"ListItem\",\"position\":1,\"name\":\"Home\",\"item\":\"https:\\\/\\\/progression-dole.ch\\\/de\\\/startseite\\\/\"},{\"@type\":\"ListItem\",\"position\":2,\"name\":\"Tierwelt des Jura im Winter\"}]},{\"@type\":\"WebSite\",\"@id\":\"https:\\\/\\\/progression-dole.ch\\\/de\\\/#website\",\"url\":\"https:\\\/\\\/progression-dole.ch\\\/de\\\/\",\"name\":\"Ecole suisse d\u2019escalade\",\"description\":\"\",\"potentialAction\":[{\"@type\":\"SearchAction\",\"target\":{\"@type\":\"EntryPoint\",\"urlTemplate\":\"https:\\\/\\\/progression-dole.ch\\\/de\\\/?s={search_term_string}\"},\"query-input\":{\"@type\":\"PropertyValueSpecification\",\"valueRequired\":true,\"valueName\":\"search_term_string\"}}],\"inLanguage\":\"de\"}]}<\/script>\n<!-- \/ Yoast SEO plugin. -->","yoast_head_json":{"title":"Tierwelt des Jura im Winter | Progression Dole","robots":{"index":"index","follow":"follow","max-snippet":"max-snippet:-1","max-image-preview":"max-image-preview:large","max-video-preview":"max-video-preview:-1"},"canonical":"https:\/\/progression-dole.ch\/de\/hiver\/tierwelt-des-jura-im-winter\/","og_locale":"de_DE","og_type":"article","og_title":"Tierwelt des Jura im Winter | Progression Dole","og_description":"Beobachte im Jura Rehe, G\u00e4msen, Hirsche, Luchse, W\u00f6lfe, Auerh\u00fchner, Hermeline, Wiesel, Hasen, F\u00fcchse &#8230; Der Parc Jura Vaudois erstreckt sich vom Gipfel der D\u00f4le, La Givrine, bis zum Col du Molendruz. Dieser weltweit einzigartige regionale Naturpark beherbergt abgelegene W\u00e4lder, geheimnisvolle Moore, Karstgebiete und bewaldete Weiden, die von Trockenmauern umgeben sind. All dies bildet eine subarktisch [&hellip;]","og_url":"https:\/\/progression-dole.ch\/de\/hiver\/tierwelt-des-jura-im-winter\/","og_site_name":"Progression Dole","article_publisher":"https:\/\/www.facebook.com\/guideslacote","article_modified_time":"2026-02-12T16:50:32+00:00","og_image":[{"width":500,"height":333,"url":"https:\/\/progression-dole.ch\/wp-content\/uploads\/2025\/10\/20.-Faune-du-Jura-en-hiver.webp","type":"image\/webp"}],"twitter_card":"summary_large_image","twitter_misc":{"Gesch\u00e4tzte Lesezeit":"1\u00a0Minute"},"schema":{"@context":"https:\/\/schema.org","@graph":[{"@type":"WebPage","@id":"https:\/\/progression-dole.ch\/de\/hiver\/tierwelt-des-jura-im-winter\/","url":"https:\/\/progression-dole.ch\/de\/hiver\/tierwelt-des-jura-im-winter\/","name":"Tierwelt des Jura im Winter | Progression Dole","isPartOf":{"@id":"https:\/\/progression-dole.ch\/de\/#website"},"primaryImageOfPage":{"@id":"https:\/\/progression-dole.ch\/de\/hiver\/tierwelt-des-jura-im-winter\/#primaryimage"},"image":{"@id":"https:\/\/progression-dole.ch\/de\/hiver\/tierwelt-des-jura-im-winter\/#primaryimage"},"thumbnailUrl":"https:\/\/progression-dole.ch\/wp-content\/uploads\/2025\/10\/20.-Faune-du-Jura-en-hiver.webp","datePublished":"2025-10-07T13:12:11+00:00","dateModified":"2026-02-12T16:50:32+00:00","breadcrumb":{"@id":"https:\/\/progression-dole.ch\/de\/hiver\/tierwelt-des-jura-im-winter\/#breadcrumb"},"inLanguage":"de","potentialAction":[{"@type":"ReadAction","target":["https:\/\/progression-dole.ch\/de\/hiver\/tierwelt-des-jura-im-winter\/"]}]},{"@type":"ImageObject","inLanguage":"de","@id":"https:\/\/progression-dole.ch\/de\/hiver\/tierwelt-des-jura-im-winter\/#primaryimage","url":"https:\/\/progression-dole.ch\/wp-content\/uploads\/2025\/10\/20.-Faune-du-Jura-en-hiver.webp","contentUrl":"https:\/\/progression-dole.ch\/wp-content\/uploads\/2025\/10\/20.-Faune-du-Jura-en-hiver.webp","width":500,"height":333},{"@type":"BreadcrumbList","@id":"https:\/\/progression-dole.ch\/de\/hiver\/tierwelt-des-jura-im-winter\/#breadcrumb","itemListElement":[{"@type":"ListItem","position":1,"name":"Home","item":"https:\/\/progression-dole.ch\/de\/startseite\/"},{"@type":"ListItem","position":2,"name":"Tierwelt des Jura im Winter"}]},{"@type":"WebSite","@id":"https:\/\/progression-dole.ch\/de\/#website","url":"https:\/\/progression-dole.ch\/de\/","name":"Ecole suisse d\u2019escalade","description":"","potentialAction":[{"@type":"SearchAction","target":{"@type":"EntryPoint","urlTemplate":"https:\/\/progression-dole.ch\/de\/?s={search_term_string}"},"query-input":{"@type":"PropertyValueSpecification","valueRequired":true,"valueName":"search_term_string"}}],"inLanguage":"de"}]}},"_links":{"self":[{"href":"https:\/\/progression-dole.ch\/de\/wp-json\/wp\/v2\/hiver_\/18021","targetHints":{"allow":["GET"]}}],"collection":[{"href":"https:\/\/progression-dole.ch\/de\/wp-json\/wp\/v2\/hiver_"}],"about":[{"href":"https:\/\/progression-dole.ch\/de\/wp-json\/wp\/v2\/types\/hiver_"}],"wp:featuredmedia":[{"embeddable":true,"href":"https:\/\/progression-dole.ch\/de\/wp-json\/wp\/v2\/media\/18023"}],"wp:attachment":[{"href":"https:\/\/progression-dole.ch\/de\/wp-json\/wp\/v2\/media?parent=18021"}],"wp:term":[{"taxonomy":"filter_hiver","embeddable":true,"href":"https:\/\/progression-dole.ch\/de\/wp-json\/wp\/v2\/filter_hiver?post=18021"}],"curies":[{"name":"wp","href":"https:\/\/api.w.org\/{rel}","templated":true}]}}

<p>Beobachte im Jura Rehe, Gämsen, Hirsche, Luchse, Wölfe, Auerhühner, Hermeline, Wiesel, Hasen, Füchse &#8230;</p>
<p>Der Parc Jura Vaudois erstreckt sich vom Gipfel der Dôle, La Givrine, bis zum Col du Molendruz. Dieser weltweit einzigartige regionale Naturpark beherbergt abgelegene Wälder, geheimnisvolle Moore, Karstgebiete und bewaldete Weiden, die von Trockenmauern umgeben sind. All dies bildet eine subarktisch anmutende Kulisse, die besonders attraktiv für Wanderer und Schneeschuhwanderer ist.</p>

<!-- This site is optimized with the Yoast SEO plugin v27.3 - https://yoast.com/product/yoast-seo-wordpress/ -->
<title>Tierwelt des Jura im Winter | Progression Dole</title>
<meta name="robots" content="index, follow, max-snippet:-1, max-image-preview:large, max-video-preview:-1" />
<link rel="canonical" href="https://progression-dole.ch/de/hiver/tierwelt-des-jura-im-winter/" />
<meta property="og:locale" content="de_DE" />
<meta property="og:type" content="article" />
<meta property="og:title" content="Tierwelt des Jura im Winter | Progression Dole" />
<meta property="og:description" content="Beobachte im Jura Rehe, Gämsen, Hirsche, Luchse, Wölfe, Auerhühner, Hermeline, Wiesel, Hasen, Füchse &#8230; Der Parc Jura Vaudois erstreckt sich vom Gipfel der Dôle, La Givrine, bis zum Col du Molendruz. Dieser weltweit einzigartige regionale Naturpark beherbergt abgelegene Wälder, geheimnisvolle Moore, Karstgebiete und bewaldete Weiden, die von Trockenmauern umgeben sind. All dies bildet eine subarktisch [&hellip;]" />
<meta property="og:url" content="https://progression-dole.ch/de/hiver/tierwelt-des-jura-im-winter/" />
<meta property="og:site_name" content="Progression Dole" />
<meta property="article:publisher" content="https://www.facebook.com/guideslacote" />
<meta property="article:modified_time" content="2026-02-12T16:50:32+00:00" />
<meta property="og:image" content="https://progression-dole.ch/wp-content/uploads/2025/10/20.-Faune-du-Jura-en-hiver.webp" />
	<meta property="og:image:width" content="500" />
	<meta property="og:image:height" content="333" />
	<meta property="og:image:type" content="image/webp" />
<meta name="twitter:card" content="summary_large_image" />
<meta name="twitter:label1" content="Geschätzte Lesezeit" />
	<meta name="twitter:data1" content="1 Minute" />
<script type="application/ld+json" class="yoast-schema-graph">{"@context":"https:\/\/schema.org","@graph":[{"@type":"WebPage","@id":"https:\/\/progression-dole.ch\/de\/hiver\/tierwelt-des-jura-im-winter\/","url":"https:\/\/progression-dole.ch\/de\/hiver\/tierwelt-des-jura-im-winter\/","name":"Tierwelt des Jura im Winter | Progression Dole","isPartOf":{"@id":"https:\/\/progression-dole.ch\/de\/#website"},"primaryImageOfPage":{"@id":"https:\/\/progression-dole.ch\/de\/hiver\/tierwelt-des-jura-im-winter\/#primaryimage"},"image":{"@id":"https:\/\/progression-dole.ch\/de\/hiver\/tierwelt-des-jura-im-winter\/#primaryimage"},"thumbnailUrl":"https:\/\/progression-dole.ch\/wp-content\/uploads\/2025\/10\/20.-Faune-du-Jura-en-hiver.webp","datePublished":"2025-10-07T13:12:11+00:00","dateModified":"2026-02-12T16:50:32+00:00","breadcrumb":{"@id":"https:\/\/progression-dole.ch\/de\/hiver\/tierwelt-des-jura-im-winter\/#breadcrumb"},"inLanguage":"de","potentialAction":[{"@type":"ReadAction","target":["https:\/\/progression-dole.ch\/de\/hiver\/tierwelt-des-jura-im-winter\/"]}]},{"@type":"ImageObject","inLanguage":"de","@id":"https:\/\/progression-dole.ch\/de\/hiver\/tierwelt-des-jura-im-winter\/#primaryimage","url":"https:\/\/progression-dole.ch\/wp-content\/uploads\/2025\/10\/20.-Faune-du-Jura-en-hiver.webp","contentUrl":"https:\/\/progression-dole.ch\/wp-content\/uploads\/2025\/10\/20.-Faune-du-Jura-en-hiver.webp","width":500,"height":333},{"@type":"BreadcrumbList","@id":"https:\/\/progression-dole.ch\/de\/hiver\/tierwelt-des-jura-im-winter\/#breadcrumb","itemListElement":[{"@type":"ListItem","position":1,"name":"Home","item":"https:\/\/progression-dole.ch\/de\/startseite\/"},{"@type":"ListItem","position":2,"name":"Tierwelt des Jura im Winter"}]},{"@type":"WebSite","@id":"https:\/\/progression-dole.ch\/de\/#website","url":"https:\/\/progression-dole.ch\/de\/","name":"Ecole suisse d’escalade","description":"","potentialAction":[{"@type":"SearchAction","target":{"@type":"EntryPoint","urlTemplate":"https:\/\/progression-dole.ch\/de\/?s={search_term_string}"},"query-input":{"@type":"PropertyValueSpecification","valueRequired":true,"valueName":"search_term_string"}}],"inLanguage":"de"}]}</script>
<!-- / Yoast SEO plugin. -->

Beobachte im Jura Rehe, Gämsen, Hirsche, Luchse, Wölfe, Auerhühner, Hermeline, Wiesel, Hasen, Füchse &#8230; Der Parc Jura Vaudois erstreckt sich vom Gipfel der Dôle, La Givrine, bis zum Col du Molendruz. Dieser weltweit einzigartige regionale Naturpark beherbergt abgelegene Wälder, geheimnisvolle Moore, Karstgebiete und bewaldete Weiden, die von Trockenmauern umgeben sind. All dies bildet eine subarktisch [&hellip;]
