{"id":17277,"date":"2025-10-07T07:15:30","date_gmt":"2025-10-07T07:15:30","guid":{"rendered":"https:\/\/progression-dole.ch\/activites\/fauna-und-flora-des-jura\/"},"modified":"2026-02-12T17:05:57","modified_gmt":"2026-02-12T17:05:57","slug":"fauna-und-flora-des-jura","status":"publish","type":"activites_","link":"https:\/\/progression-dole.ch\/de\/activites\/fauna-und-flora-des-jura\/","title":{"rendered":"Fauna und Flora des Jura"},"content":{"rendered":"<p><span data-sheets-root=\"1\">Fauna und Flora des Waadtl\u00e4nder Jura-Parks zu entdecken!<\/span><\/p>\n<p><span data-sheets-root=\"1\">Der Waadtl\u00e4nder Jura-Park erstreckt sich vom Gipfel der D\u00f4le, La Givrine, bis zum Col du Molendruz. Dieser weltweit einzigartige regionale Naturpark beherbergt abgelegene W\u00e4lder, geheimnisvolle Moore, Karstgebiete und bewaldete Weiden, umgeben von Trockensteinmauern. All dies bildet eine subarktisch anmutende Landschaft, die besonders attraktiv f\u00fcr Wanderfreunde ist.<\/span><\/p>\n<p><span data-sheets-root=\"1\">Die Tierbeobachtung, die wir Ihnen anbieten: Reh, G\u00e4mse, Hirsch, Luchs, Wolf, Auerhahn, Hermelin, Wiesel, Hase, Fuchs &#8230; aber auch alle Vogel- und Insektenarten der Region.<\/span><\/p>\n","protected":false},"featured_media":17287,"template":"","filter":[104,107,105,106],"class_list":["post-17277","activites_","type-activites_","status-publish","has-post-thumbnail","hentry","filter-erwachsene","filter-familien","filter-schulen","filter-unternehmen"],"acf":[],"yoast_head":"<!-- This site is optimized with the Yoast SEO plugin v27.3 - https:\/\/yoast.com\/product\/yoast-seo-wordpress\/ -->\n<title>Fauna und Flora des Jura | Progression Dole<\/title>\n<meta name=\"robots\" content=\"index, follow, max-snippet:-1, max-image-preview:large, max-video-preview:-1\" \/>\n<link rel=\"canonical\" href=\"https:\/\/progression-dole.ch\/de\/activites\/fauna-und-flora-des-jura\/\" \/>\n<meta property=\"og:locale\" content=\"de_DE\" \/>\n<meta property=\"og:type\" content=\"article\" \/>\n<meta property=\"og:title\" content=\"Fauna und Flora des Jura | Progression Dole\" \/>\n<meta property=\"og:description\" content=\"Fauna und Flora des Waadtl\u00e4nder Jura-Parks zu entdecken! Der Waadtl\u00e4nder Jura-Park erstreckt sich vom Gipfel der D\u00f4le, La Givrine, bis zum Col du Molendruz. Dieser weltweit einzigartige regionale Naturpark beherbergt abgelegene W\u00e4lder, geheimnisvolle Moore, Karstgebiete und bewaldete Weiden, umgeben von Trockensteinmauern. All dies bildet eine subarktisch anmutende Landschaft, die besonders attraktiv f\u00fcr Wanderfreunde ist. Die [&hellip;]\" \/>\n<meta property=\"og:url\" content=\"https:\/\/progression-dole.ch\/de\/activites\/fauna-und-flora-des-jura\/\" \/>\n<meta property=\"og:site_name\" content=\"Progression Dole\" \/>\n<meta property=\"article:publisher\" content=\"https:\/\/www.facebook.com\/guideslacote\" \/>\n<meta property=\"article:modified_time\" content=\"2026-02-12T17:05:57+00:00\" \/>\n<meta property=\"og:image\" content=\"https:\/\/progression-dole.ch\/wp-content\/uploads\/2025\/10\/17.-Faune-flore-du-Jura-1024x768.jpg\" \/>\n\t<meta property=\"og:image:width\" content=\"1024\" \/>\n\t<meta property=\"og:image:height\" content=\"768\" \/>\n\t<meta property=\"og:image:type\" content=\"image\/jpeg\" \/>\n<meta name=\"twitter:card\" content=\"summary_large_image\" \/>\n<meta name=\"twitter:label1\" content=\"Gesch\u00e4tzte Lesezeit\" \/>\n\t<meta name=\"twitter:data1\" content=\"1\u00a0Minute\" \/>\n<script type=\"application\/ld+json\" class=\"yoast-schema-graph\">{\"@context\":\"https:\\\/\\\/schema.org\",\"@graph\":[{\"@type\":\"WebPage\",\"@id\":\"https:\\\/\\\/progression-dole.ch\\\/de\\\/activites\\\/fauna-und-flora-des-jura\\\/\",\"url\":\"https:\\\/\\\/progression-dole.ch\\\/de\\\/activites\\\/fauna-und-flora-des-jura\\\/\",\"name\":\"Fauna und Flora des Jura | Progression Dole\",\"isPartOf\":{\"@id\":\"https:\\\/\\\/progression-dole.ch\\\/de\\\/#website\"},\"primaryImageOfPage\":{\"@id\":\"https:\\\/\\\/progression-dole.ch\\\/de\\\/activites\\\/fauna-und-flora-des-jura\\\/#primaryimage\"},\"image\":{\"@id\":\"https:\\\/\\\/progression-dole.ch\\\/de\\\/activites\\\/fauna-und-flora-des-jura\\\/#primaryimage\"},\"thumbnailUrl\":\"https:\\\/\\\/progression-dole.ch\\\/wp-content\\\/uploads\\\/2025\\\/10\\\/17.-Faune-flore-du-Jura.jpg\",\"datePublished\":\"2025-10-07T07:15:30+00:00\",\"dateModified\":\"2026-02-12T17:05:57+00:00\",\"breadcrumb\":{\"@id\":\"https:\\\/\\\/progression-dole.ch\\\/de\\\/activites\\\/fauna-und-flora-des-jura\\\/#breadcrumb\"},\"inLanguage\":\"de\",\"potentialAction\":[{\"@type\":\"ReadAction\",\"target\":[\"https:\\\/\\\/progression-dole.ch\\\/de\\\/activites\\\/fauna-und-flora-des-jura\\\/\"]}]},{\"@type\":\"ImageObject\",\"inLanguage\":\"de\",\"@id\":\"https:\\\/\\\/progression-dole.ch\\\/de\\\/activites\\\/fauna-und-flora-des-jura\\\/#primaryimage\",\"url\":\"https:\\\/\\\/progression-dole.ch\\\/wp-content\\\/uploads\\\/2025\\\/10\\\/17.-Faune-flore-du-Jura.jpg\",\"contentUrl\":\"https:\\\/\\\/progression-dole.ch\\\/wp-content\\\/uploads\\\/2025\\\/10\\\/17.-Faune-flore-du-Jura.jpg\",\"width\":1600,\"height\":1200},{\"@type\":\"BreadcrumbList\",\"@id\":\"https:\\\/\\\/progression-dole.ch\\\/de\\\/activites\\\/fauna-und-flora-des-jura\\\/#breadcrumb\",\"itemListElement\":[{\"@type\":\"ListItem\",\"position\":1,\"name\":\"Home\",\"item\":\"https:\\\/\\\/progression-dole.ch\\\/de\\\/startseite\\\/\"},{\"@type\":\"ListItem\",\"position\":2,\"name\":\"Fauna und Flora des Jura\"}]},{\"@type\":\"WebSite\",\"@id\":\"https:\\\/\\\/progression-dole.ch\\\/de\\\/#website\",\"url\":\"https:\\\/\\\/progression-dole.ch\\\/de\\\/\",\"name\":\"Ecole suisse d\u2019escalade\",\"description\":\"\",\"potentialAction\":[{\"@type\":\"SearchAction\",\"target\":{\"@type\":\"EntryPoint\",\"urlTemplate\":\"https:\\\/\\\/progression-dole.ch\\\/de\\\/?s={search_term_string}\"},\"query-input\":{\"@type\":\"PropertyValueSpecification\",\"valueRequired\":true,\"valueName\":\"search_term_string\"}}],\"inLanguage\":\"de\"}]}<\/script>\n<!-- \/ Yoast SEO plugin. -->","yoast_head_json":{"title":"Fauna und Flora des Jura | Progression Dole","robots":{"index":"index","follow":"follow","max-snippet":"max-snippet:-1","max-image-preview":"max-image-preview:large","max-video-preview":"max-video-preview:-1"},"canonical":"https:\/\/progression-dole.ch\/de\/activites\/fauna-und-flora-des-jura\/","og_locale":"de_DE","og_type":"article","og_title":"Fauna und Flora des Jura | Progression Dole","og_description":"Fauna und Flora des Waadtl\u00e4nder Jura-Parks zu entdecken! Der Waadtl\u00e4nder Jura-Park erstreckt sich vom Gipfel der D\u00f4le, La Givrine, bis zum Col du Molendruz. Dieser weltweit einzigartige regionale Naturpark beherbergt abgelegene W\u00e4lder, geheimnisvolle Moore, Karstgebiete und bewaldete Weiden, umgeben von Trockensteinmauern. All dies bildet eine subarktisch anmutende Landschaft, die besonders attraktiv f\u00fcr Wanderfreunde ist. Die [&hellip;]","og_url":"https:\/\/progression-dole.ch\/de\/activites\/fauna-und-flora-des-jura\/","og_site_name":"Progression Dole","article_publisher":"https:\/\/www.facebook.com\/guideslacote","article_modified_time":"2026-02-12T17:05:57+00:00","og_image":[{"width":1024,"height":768,"url":"https:\/\/progression-dole.ch\/wp-content\/uploads\/2025\/10\/17.-Faune-flore-du-Jura-1024x768.jpg","type":"image\/jpeg"}],"twitter_card":"summary_large_image","twitter_misc":{"Gesch\u00e4tzte Lesezeit":"1\u00a0Minute"},"schema":{"@context":"https:\/\/schema.org","@graph":[{"@type":"WebPage","@id":"https:\/\/progression-dole.ch\/de\/activites\/fauna-und-flora-des-jura\/","url":"https:\/\/progression-dole.ch\/de\/activites\/fauna-und-flora-des-jura\/","name":"Fauna und Flora des Jura | Progression Dole","isPartOf":{"@id":"https:\/\/progression-dole.ch\/de\/#website"},"primaryImageOfPage":{"@id":"https:\/\/progression-dole.ch\/de\/activites\/fauna-und-flora-des-jura\/#primaryimage"},"image":{"@id":"https:\/\/progression-dole.ch\/de\/activites\/fauna-und-flora-des-jura\/#primaryimage"},"thumbnailUrl":"https:\/\/progression-dole.ch\/wp-content\/uploads\/2025\/10\/17.-Faune-flore-du-Jura.jpg","datePublished":"2025-10-07T07:15:30+00:00","dateModified":"2026-02-12T17:05:57+00:00","breadcrumb":{"@id":"https:\/\/progression-dole.ch\/de\/activites\/fauna-und-flora-des-jura\/#breadcrumb"},"inLanguage":"de","potentialAction":[{"@type":"ReadAction","target":["https:\/\/progression-dole.ch\/de\/activites\/fauna-und-flora-des-jura\/"]}]},{"@type":"ImageObject","inLanguage":"de","@id":"https:\/\/progression-dole.ch\/de\/activites\/fauna-und-flora-des-jura\/#primaryimage","url":"https:\/\/progression-dole.ch\/wp-content\/uploads\/2025\/10\/17.-Faune-flore-du-Jura.jpg","contentUrl":"https:\/\/progression-dole.ch\/wp-content\/uploads\/2025\/10\/17.-Faune-flore-du-Jura.jpg","width":1600,"height":1200},{"@type":"BreadcrumbList","@id":"https:\/\/progression-dole.ch\/de\/activites\/fauna-und-flora-des-jura\/#breadcrumb","itemListElement":[{"@type":"ListItem","position":1,"name":"Home","item":"https:\/\/progression-dole.ch\/de\/startseite\/"},{"@type":"ListItem","position":2,"name":"Fauna und Flora des Jura"}]},{"@type":"WebSite","@id":"https:\/\/progression-dole.ch\/de\/#website","url":"https:\/\/progression-dole.ch\/de\/","name":"Ecole suisse d\u2019escalade","description":"","potentialAction":[{"@type":"SearchAction","target":{"@type":"EntryPoint","urlTemplate":"https:\/\/progression-dole.ch\/de\/?s={search_term_string}"},"query-input":{"@type":"PropertyValueSpecification","valueRequired":true,"valueName":"search_term_string"}}],"inLanguage":"de"}]}},"_links":{"self":[{"href":"https:\/\/progression-dole.ch\/de\/wp-json\/wp\/v2\/activites_\/17277","targetHints":{"allow":["GET"]}}],"collection":[{"href":"https:\/\/progression-dole.ch\/de\/wp-json\/wp\/v2\/activites_"}],"about":[{"href":"https:\/\/progression-dole.ch\/de\/wp-json\/wp\/v2\/types\/activites_"}],"wp:featuredmedia":[{"embeddable":true,"href":"https:\/\/progression-dole.ch\/de\/wp-json\/wp\/v2\/media\/17287"}],"wp:attachment":[{"href":"https:\/\/progression-dole.ch\/de\/wp-json\/wp\/v2\/media?parent=17277"}],"wp:term":[{"taxonomy":"filter","embeddable":true,"href":"https:\/\/progression-dole.ch\/de\/wp-json\/wp\/v2\/filter?post=17277"}],"curies":[{"name":"wp","href":"https:\/\/api.w.org\/{rel}","templated":true}]}}

<p><span data-sheets-root="1">Fauna und Flora des Waadtländer Jura-Parks zu entdecken!</span></p>
<p><span data-sheets-root="1">Der Waadtländer Jura-Park erstreckt sich vom Gipfel der Dôle, La Givrine, bis zum Col du Molendruz. Dieser weltweit einzigartige regionale Naturpark beherbergt abgelegene Wälder, geheimnisvolle Moore, Karstgebiete und bewaldete Weiden, umgeben von Trockensteinmauern. All dies bildet eine subarktisch anmutende Landschaft, die besonders attraktiv für Wanderfreunde ist.</span></p>
<p><span data-sheets-root="1">Die Tierbeobachtung, die wir Ihnen anbieten: Reh, Gämse, Hirsch, Luchs, Wolf, Auerhahn, Hermelin, Wiesel, Hase, Fuchs &#8230; aber auch alle Vogel- und Insektenarten der Region.</span></p>

<!-- This site is optimized with the Yoast SEO plugin v27.3 - https://yoast.com/product/yoast-seo-wordpress/ -->
<title>Fauna und Flora des Jura | Progression Dole</title>
<meta name="robots" content="index, follow, max-snippet:-1, max-image-preview:large, max-video-preview:-1" />
<link rel="canonical" href="https://progression-dole.ch/de/activites/fauna-und-flora-des-jura/" />
<meta property="og:locale" content="de_DE" />
<meta property="og:type" content="article" />
<meta property="og:title" content="Fauna und Flora des Jura | Progression Dole" />
<meta property="og:description" content="Fauna und Flora des Waadtländer Jura-Parks zu entdecken! Der Waadtländer Jura-Park erstreckt sich vom Gipfel der Dôle, La Givrine, bis zum Col du Molendruz. Dieser weltweit einzigartige regionale Naturpark beherbergt abgelegene Wälder, geheimnisvolle Moore, Karstgebiete und bewaldete Weiden, umgeben von Trockensteinmauern. All dies bildet eine subarktisch anmutende Landschaft, die besonders attraktiv für Wanderfreunde ist. Die [&hellip;]" />
<meta property="og:url" content="https://progression-dole.ch/de/activites/fauna-und-flora-des-jura/" />
<meta property="og:site_name" content="Progression Dole" />
<meta property="article:publisher" content="https://www.facebook.com/guideslacote" />
<meta property="article:modified_time" content="2026-02-12T17:05:57+00:00" />
<meta property="og:image" content="https://progression-dole.ch/wp-content/uploads/2025/10/17.-Faune-flore-du-Jura-1024x768.jpg" />
	<meta property="og:image:width" content="1024" />
	<meta property="og:image:height" content="768" />
	<meta property="og:image:type" content="image/jpeg" />
<meta name="twitter:card" content="summary_large_image" />
<meta name="twitter:label1" content="Geschätzte Lesezeit" />
	<meta name="twitter:data1" content="1 Minute" />
<script type="application/ld+json" class="yoast-schema-graph">{"@context":"https:\/\/schema.org","@graph":[{"@type":"WebPage","@id":"https:\/\/progression-dole.ch\/de\/activites\/fauna-und-flora-des-jura\/","url":"https:\/\/progression-dole.ch\/de\/activites\/fauna-und-flora-des-jura\/","name":"Fauna und Flora des Jura | Progression Dole","isPartOf":{"@id":"https:\/\/progression-dole.ch\/de\/#website"},"primaryImageOfPage":{"@id":"https:\/\/progression-dole.ch\/de\/activites\/fauna-und-flora-des-jura\/#primaryimage"},"image":{"@id":"https:\/\/progression-dole.ch\/de\/activites\/fauna-und-flora-des-jura\/#primaryimage"},"thumbnailUrl":"https:\/\/progression-dole.ch\/wp-content\/uploads\/2025\/10\/17.-Faune-flore-du-Jura.jpg","datePublished":"2025-10-07T07:15:30+00:00","dateModified":"2026-02-12T17:05:57+00:00","breadcrumb":{"@id":"https:\/\/progression-dole.ch\/de\/activites\/fauna-und-flora-des-jura\/#breadcrumb"},"inLanguage":"de","potentialAction":[{"@type":"ReadAction","target":["https:\/\/progression-dole.ch\/de\/activites\/fauna-und-flora-des-jura\/"]}]},{"@type":"ImageObject","inLanguage":"de","@id":"https:\/\/progression-dole.ch\/de\/activites\/fauna-und-flora-des-jura\/#primaryimage","url":"https:\/\/progression-dole.ch\/wp-content\/uploads\/2025\/10\/17.-Faune-flore-du-Jura.jpg","contentUrl":"https:\/\/progression-dole.ch\/wp-content\/uploads\/2025\/10\/17.-Faune-flore-du-Jura.jpg","width":1600,"height":1200},{"@type":"BreadcrumbList","@id":"https:\/\/progression-dole.ch\/de\/activites\/fauna-und-flora-des-jura\/#breadcrumb","itemListElement":[{"@type":"ListItem","position":1,"name":"Home","item":"https:\/\/progression-dole.ch\/de\/startseite\/"},{"@type":"ListItem","position":2,"name":"Fauna und Flora des Jura"}]},{"@type":"WebSite","@id":"https:\/\/progression-dole.ch\/de\/#website","url":"https:\/\/progression-dole.ch\/de\/","name":"Ecole suisse d’escalade","description":"","potentialAction":[{"@type":"SearchAction","target":{"@type":"EntryPoint","urlTemplate":"https:\/\/progression-dole.ch\/de\/?s={search_term_string}"},"query-input":{"@type":"PropertyValueSpecification","valueRequired":true,"valueName":"search_term_string"}}],"inLanguage":"de"}]}</script>
<!-- / Yoast SEO plugin. -->

Fauna und Flora des Waadtländer Jura-Parks zu entdecken! Der Waadtländer Jura-Park erstreckt sich vom Gipfel der Dôle, La Givrine, bis zum Col du Molendruz. Dieser weltweit einzigartige regionale Naturpark beherbergt abgelegene Wälder, geheimnisvolle Moore, Karstgebiete und bewaldete Weiden, umgeben von Trockensteinmauern. All dies bildet eine subarktisch anmutende Landschaft, die besonders attraktiv für Wanderfreunde ist. Die [&hellip;]
